{"id":32773,"date":"2025-02-04T10:07:31","date_gmt":"2025-02-04T10:07:31","guid":{"rendered":"https:\/\/essentials.grandado.com\/?post_type=product&#038;p=32773"},"modified":"2025-05-29T21:01:33","modified_gmt":"2025-05-29T21:01:33","slug":"waist-fan","status":"publish","type":"product","link":"https:\/\/essentials.grandado.com\/de\/produkt\/waist-fan\/","title":{"rendered":"Taillenf\u00e4cher"},"content":{"rendered":"<div data-elementor-type=\"wp-post\" data-elementor-id=\"32773\" class=\"elementor elementor-32773\" data-elementor-post-type=\"product\">\n\t\t\t\t<div class=\"elementor-element elementor-element-e53736b e-flex e-con-boxed e-con e-parent\" data-id=\"e53736b\" data-element_type=\"container\" data-e-type=\"container\">\n\t\t\t\t\t<div class=\"e-con-inner\">\n\t\t\t\t<div class=\"elementor-element elementor-element-c483012 elementor-widget elementor-widget-text-editor\" data-id=\"c483012\" data-element_type=\"widget\" data-e-type=\"widget\" data-widget_type=\"text-editor.default\">\n\t\t\t\t<div class=\"elementor-widget-container\">\n\t\t\t\t\t\t\t\t\t<p>Erleben Sie K\u00fchlung ohne H\u00e4nde mit dem Waist Fan, der f\u00fcr ultimativen Komfort und Bequemlichkeit entwickelt wurde. Dieser kompakte, leichte und leistungsstarke Ventilator sorgt f\u00fcr Erfrischung, egal ob Sie pendeln, arbeiten oder Outdoor-Aktivit\u00e4ten genie\u00dfen.<\/p>\t\t\t\t\t\t\t\t<\/div>\n\t\t\t\t<\/div>\n\t\t\t\t\t<\/div>\n\t\t\t\t<\/div>\n\t\t<div class=\"elementor-element elementor-element-e7a0e13 e-flex e-con-boxed e-con e-parent\" data-id=\"e7a0e13\" data-element_type=\"container\" data-e-type=\"container\">\n\t\t\t\t\t<div class=\"e-con-inner\">\n\t\t\t\t<div class=\"elementor-element elementor-element-eed04f9 elementor-widget elementor-widget-text-editor\" data-id=\"eed04f9\" data-element_type=\"widget\" data-e-type=\"widget\" data-widget_type=\"text-editor.default\">\n\t\t\t\t<div class=\"elementor-widget-container\">\n\t\t\t\t\t\t\t\t\t<p style=\"text-align: left;\"><strong>Wesentliche Merkmale:<\/strong><\/p>\t\t\t\t\t\t\t\t<\/div>\n\t\t\t\t<\/div>\n\t\t\t\t<div class=\"elementor-element elementor-element-71c8d4f elementor-widget elementor-widget-text-editor\" data-id=\"71c8d4f\" data-element_type=\"widget\" data-e-type=\"widget\" data-widget_type=\"text-editor.default\">\n\t\t\t\t<div class=\"elementor-widget-container\">\n\t\t\t\t\t\t\t\t\t<p>\u2705 Freih\u00e4ndiges Design - Wird sicher an der Taille befestigt, sodass die H\u00e4nde frei sind und eine erfrischende Brise entsteht.<br \/>\u2705 Dreistufige Windeinstellung - Passen Sie den Luftstrom mit den Einstellungen f\u00fcr weichen, mittleren oder starken Wind an.<br \/>\u2705 Eingebaute Powerbank - Ausgestattet mit einem 4500mAh-Akku, dient es auch als Notfall-Ladeger\u00e4t f\u00fcr Telefone.<br \/>\u2705 Leiser und leistungsstarker Motor - Starker Luftstrom bei minimaler Ger\u00e4uschentwicklung, perfekt f\u00fcr Arbeit, Studium oder Schlaf.<br \/>\u2705 Leicht und kompakt - Ergonomisches, druckfreies Design f\u00fcr ganzt\u00e4giges Tragen.<\/p>\t\t\t\t\t\t\t\t<\/div>\n\t\t\t\t<\/div>\n\t\t\t\t\t<\/div>\n\t\t\t\t<\/div>\n\t\t<div class=\"elementor-element elementor-element-9633bcf e-flex e-con-boxed e-con e-parent\" data-id=\"9633bcf\" data-element_type=\"container\" data-e-type=\"container\">\n\t\t\t\t\t<div class=\"e-con-inner\">\n\t\t\t\t<div class=\"elementor-element elementor-element-ffe7b2a elementor-widget elementor-widget-text-editor\" data-id=\"ffe7b2a\" data-element_type=\"widget\" data-e-type=\"widget\" data-widget_type=\"text-editor.default\">\n\t\t\t\t<div class=\"elementor-widget-container\">\n\t\t\t\t\t\t\t\t\t<p style=\"text-align: left;\"><strong>Spezifikationen:<\/strong><\/p>\t\t\t\t\t\t\t\t<\/div>\n\t\t\t\t<\/div>\n\t\t\t\t<div class=\"elementor-element elementor-element-0afc3ac elementor-widget elementor-widget-text-editor\" data-id=\"0afc3ac\" data-element_type=\"widget\" data-e-type=\"widget\" data-widget_type=\"text-editor.default\">\n\t\t\t\t<div class=\"elementor-widget-container\">\n\t\t\t\t\t\t\t\t\t<ul><li>Akku-Kapazit\u00e4t: 4500mAh<\/li><li>Eingang: 5V\/1A<\/li><li>Stromverbrauch: &lt;5W<\/li><li>Material: ABS + PP + Elektronische Komponenten<\/li><li>Gr\u00f6\u00dfe: 91 \u00d7 73 \u00d7 92,5 mm<\/li><\/ul>\t\t\t\t\t\t\t\t<\/div>\n\t\t\t\t<\/div>\n\t\t\t\t\t<\/div>\n\t\t\t\t<\/div>\n\t\t<div class=\"elementor-element elementor-element-4fbe30a e-flex e-con-boxed e-con e-parent\" data-id=\"4fbe30a\" data-element_type=\"container\" data-e-type=\"container\">\n\t\t\t\t\t<div class=\"e-con-inner\">\n\t\t\t\t<div class=\"elementor-element elementor-element-9bff710 elementor-widget elementor-widget-text-editor\" data-id=\"9bff710\" data-element_type=\"widget\" data-e-type=\"widget\" data-widget_type=\"text-editor.default\">\n\t\t\t\t<div class=\"elementor-widget-container\">\n\t\t\t\t\t\t\t\t\t<p class=\"translation-block\">Packungsinhalt:<\/p>\t\t\t\t\t\t\t\t<\/div>\n\t\t\t\t<\/div>\n\t\t\t\t<div class=\"elementor-element elementor-element-18ce9b9 elementor-widget elementor-widget-text-editor\" data-id=\"18ce9b9\" data-element_type=\"widget\" data-e-type=\"widget\" data-widget_type=\"text-editor.default\">\n\t\t\t\t<div class=\"elementor-widget-container\">\n\t\t\t\t\t\t\t\t\t<p>1St\u00fcck - Taille Fan<\/p>\t\t\t\t\t\t\t\t<\/div>\n\t\t\t\t<\/div>\n\t\t\t\t\t<\/div>\n\t\t\t\t<\/div>\n\t\t\t\t<\/div>","protected":false},"excerpt":{"rendered":"<p>Experience hands-free cooling with the Waist Fan, designed for ultimate comfort and convenience. Compact, lightweight, and powerful, this fan keeps you refreshed whether you&#8217;re commuting, working, or enjoying outdoor activities. Key Features: \u2705 Hands-Free Design \u2013 Clips securely to your waist, freeing your hands while providing a refreshing breeze. \u2705 Three-Speed Wind Adjustment \u2013 Customize [&hellip;]<\/p>\n","protected":false},"featured_media":32783,"comment_status":"closed","ping_status":"closed","template":"","meta":[],"product_brand":[],"product_cat":[148],"product_tag":[],"class_list":{"0":"post-32773","1":"product","2":"type-product","3":"status-publish","4":"has-post-thumbnail","6":"product_cat-cat-gadgets","8":"first","9":"instock","10":"sale","11":"shipping-taxable","12":"purchasable","13":"product-type-variable","14":"add-to-wishlist-after_add_to_cart"},"_links":{"self":[{"href":"https:\/\/essentials.grandado.com\/de\/wp-json\/wp\/v2\/product\/32773","targetHints":{"allow":["GET"]}}],"collection":[{"href":"https:\/\/essentials.grandado.com\/de\/wp-json\/wp\/v2\/product"}],"about":[{"href":"https:\/\/essentials.grandado.com\/de\/wp-json\/wp\/v2\/types\/product"}],"replies":[{"embeddable":true,"href":"https:\/\/essentials.grandado.com\/de\/wp-json\/wp\/v2\/comments?post=32773"}],"version-history":[{"count":9,"href":"https:\/\/essentials.grandado.com\/de\/wp-json\/wp\/v2\/product\/32773\/revisions"}],"predecessor-version":[{"id":35419,"href":"https:\/\/essentials.grandado.com\/de\/wp-json\/wp\/v2\/product\/32773\/revisions\/35419"}],"wp:featuredmedia":[{"embeddable":true,"href":"https:\/\/essentials.grandado.com\/de\/wp-json\/wp\/v2\/media\/32783"}],"wp:attachment":[{"href":"https:\/\/essentials.grandado.com\/de\/wp-json\/wp\/v2\/media?parent=32773"}],"wp:term":[{"taxonomy":"product_brand","embeddable":true,"href":"https:\/\/essentials.grandado.com\/de\/wp-json\/wp\/v2\/product_brand?post=32773"},{"taxonomy":"product_cat","embeddable":true,"href":"https:\/\/essentials.grandado.com\/de\/wp-json\/wp\/v2\/product_cat?post=32773"},{"taxonomy":"product_tag","embeddable":true,"href":"https:\/\/essentials.grandado.com\/de\/wp-json\/wp\/v2\/product_tag?post=32773"}],"curies":[{"name":"WordPress","href":"https:\/\/api.w.org\/{rel}","templated":true}]}}

Taillenfächer

<div data-elementor-type="wp-post" data-elementor-id="32773" class="elementor elementor-32773" data-elementor-post-type="product">
				<div class="elementor-element elementor-element-e53736b e-flex e-con-boxed e-con e-parent" data-id="e53736b" data-element_type="container" data-e-type="container">
					<div class="e-con-inner">
				<div class="elementor-element elementor-element-c483012 elementor-widget elementor-widget-text-editor" data-id="c483012" data-element_type="widget" data-e-type="widget" data-widget_type="text-editor.default">
				<div class="elementor-widget-container">
									<p>Erleben Sie Kühlung ohne Hände mit dem Waist Fan, der für ultimativen Komfort und Bequemlichkeit entwickelt wurde. Dieser kompakte, leichte und leistungsstarke Ventilator sorgt für Erfrischung, egal ob Sie pendeln, arbeiten oder Outdoor-Aktivitäten genießen.</p>								</div>
				</div>
					</div>
				</div>
		<div class="elementor-element elementor-element-e7a0e13 e-flex e-con-boxed e-con e-parent" data-id="e7a0e13" data-element_type="container" data-e-type="container">
					<div class="e-con-inner">
				<div class="elementor-element elementor-element-eed04f9 elementor-widget elementor-widget-text-editor" data-id="eed04f9" data-element_type="widget" data-e-type="widget" data-widget_type="text-editor.default">
				<div class="elementor-widget-container">
									<p style="text-align: left;"><strong>Wesentliche Merkmale:</strong></p>								</div>
				</div>
				<div class="elementor-element elementor-element-71c8d4f elementor-widget elementor-widget-text-editor" data-id="71c8d4f" data-element_type="widget" data-e-type="widget" data-widget_type="text-editor.default">
				<div class="elementor-widget-container">
									<p>✅ Freihändiges Design - Wird sicher an der Taille befestigt, sodass die Hände frei sind und eine erfrischende Brise entsteht.<br />✅ Dreistufige Windeinstellung - Passen Sie den Luftstrom mit den Einstellungen für weichen, mittleren oder starken Wind an.<br />✅ Eingebaute Powerbank - Ausgestattet mit einem 4500mAh-Akku, dient es auch als Notfall-Ladegerät für Telefone.<br />✅ Leiser und leistungsstarker Motor - Starker Luftstrom bei minimaler Geräuschentwicklung, perfekt für Arbeit, Studium oder Schlaf.<br />✅ Leicht und kompakt - Ergonomisches, druckfreies Design für ganztägiges Tragen.</p>								</div>
				</div>
					</div>
				</div>
		<div class="elementor-element elementor-element-9633bcf e-flex e-con-boxed e-con e-parent" data-id="9633bcf" data-element_type="container" data-e-type="container">
					<div class="e-con-inner">
				<div class="elementor-element elementor-element-ffe7b2a elementor-widget elementor-widget-text-editor" data-id="ffe7b2a" data-element_type="widget" data-e-type="widget" data-widget_type="text-editor.default">
				<div class="elementor-widget-container">
									<p style="text-align: left;"><strong>Spezifikationen:</strong></p>								</div>
				</div>
				<div class="elementor-element elementor-element-0afc3ac elementor-widget elementor-widget-text-editor" data-id="0afc3ac" data-element_type="widget" data-e-type="widget" data-widget_type="text-editor.default">
				<div class="elementor-widget-container">
									<ul><li>Akku-Kapazität: 4500mAh</li><li>Eingang: 5V/1A</li><li>Stromverbrauch: &lt;5W</li><li>Material: ABS + PP + Elektronische Komponenten</li><li>Größe: 91 × 73 × 92,5 mm</li></ul>								</div>
				</div>
					</div>
				</div>
		<div class="elementor-element elementor-element-4fbe30a e-flex e-con-boxed e-con e-parent" data-id="4fbe30a" data-element_type="container" data-e-type="container">
					<div class="e-con-inner">
				<div class="elementor-element elementor-element-9bff710 elementor-widget elementor-widget-text-editor" data-id="9bff710" data-element_type="widget" data-e-type="widget" data-widget_type="text-editor.default">
				<div class="elementor-widget-container">
									<p class="translation-block">Packungsinhalt:</p>								</div>
				</div>
				<div class="elementor-element elementor-element-18ce9b9 elementor-widget elementor-widget-text-editor" data-id="18ce9b9" data-element_type="widget" data-e-type="widget" data-widget_type="text-editor.default">
				<div class="elementor-widget-container">
									<p>1Stück - Taille Fan</p>								</div>
				</div>
					</div>
				</div>
				</div>
