{"id":32695,"date":"2025-02-03T19:19:52","date_gmt":"2025-02-03T19:19:52","guid":{"rendered":"https:\/\/essentials.grandado.com\/?post_type=product&#038;p=32695"},"modified":"2026-07-02T13:32:20","modified_gmt":"2026-07-02T13:32:20","slug":"pull-out-storage-rack","status":"publish","type":"product","link":"https:\/\/essentials.grandado.com\/de\/produkt\/pull-out-storage-rack\/","title":{"rendered":"Ausziehbares Ablagefach"},"content":{"rendered":"<div data-elementor-type=\"wp-post\" data-elementor-id=\"32695\" class=\"elementor elementor-32695\" data-elementor-post-type=\"product\">\n\t\t\t\t<div class=\"elementor-element elementor-element-e53736b e-flex e-con-boxed e-con e-parent\" data-id=\"e53736b\" data-element_type=\"container\" data-e-type=\"container\">\n\t\t\t\t\t<div class=\"e-con-inner\">\n\t\t\t\t<div class=\"elementor-element elementor-element-c483012 elementor-widget elementor-widget-text-editor\" data-id=\"c483012\" data-element_type=\"widget\" data-e-type=\"widget\" data-widget_type=\"text-editor.default\">\n\t\t\t\t<div class=\"elementor-widget-container\">\n\t\t\t\t\t\t\t\t\t<p>Verbessern Sie Ihren Raum mit dem ausziehbaren Aufbewahrungsregal, der perfekten Kombination aus intelligentem Design und Komfort. Diese vielseitige und einfach zu installierende Aufbewahrungsl\u00f6sung wird von Nutzern auf der ganzen Welt geliebt. Sie macht die Organisation Ihres Raums m\u00fchelos und h\u00e4lt alles zug\u00e4nglich und ordentlich.<\/p>\t\t\t\t\t\t\t\t<\/div>\n\t\t\t\t<\/div>\n\t\t\t\t\t<\/div>\n\t\t\t\t<\/div>\n\t\t<div class=\"elementor-element elementor-element-e7a0e13 e-flex e-con-boxed e-con e-parent\" data-id=\"e7a0e13\" data-element_type=\"container\" data-e-type=\"container\">\n\t\t\t\t\t<div class=\"e-con-inner\">\n\t\t\t\t<div class=\"elementor-element elementor-element-eed04f9 elementor-widget elementor-widget-text-editor\" data-id=\"eed04f9\" data-element_type=\"widget\" data-e-type=\"widget\" data-widget_type=\"text-editor.default\">\n\t\t\t\t<div class=\"elementor-widget-container\">\n\t\t\t\t\t\t\t\t\t<p style=\"text-align: left;\"><strong>Wesentliche Merkmale:<\/strong><\/p>\t\t\t\t\t\t\t\t<\/div>\n\t\t\t\t<\/div>\n\t\t\t\t<div class=\"elementor-element elementor-element-71c8d4f elementor-widget elementor-widget-text-editor\" data-id=\"71c8d4f\" data-element_type=\"widget\" data-e-type=\"widget\" data-widget_type=\"text-editor.default\">\n\t\t\t\t<div class=\"elementor-widget-container\">\n\t\t\t\t\t\t\t\t\t<p>\u2705 Einfache Installation - Kein Bohren oder Nageln erforderlich. Kleben Sie das Regal einfach auf den Schrank, um es schnell aufzubauen.<br \/>\u2705 M\u00fchelose Zug\u00e4nglichkeit - Durch Herausschieben k\u00f6nnen Sie auf Gegenst\u00e4nde zugreifen, ohne sich b\u00fccken oder andere entfernen zu m\u00fcssen.<br \/>\u2705 Starke Tragf\u00e4higkeit - Hergestellt aus hochwertigem Kohlenstoffstahl f\u00fcr Langlebigkeit und Unterst\u00fctzung.<br \/>\u2705 Sanftes und leises Gleiten - Die D\u00e4mpfungsschienentechnologie sorgt f\u00fcr einen leisen und sanften Betrieb.<br \/>\u2705 Vielseitig einsetzbar - Perfekt f\u00fcr K\u00fcche, Bad, Speisekammer und unter der Sp\u00fcle zu organisieren.<\/p>\t\t\t\t\t\t\t\t<\/div>\n\t\t\t\t<\/div>\n\t\t\t\t\t<\/div>\n\t\t\t\t<\/div>\n\t\t<div class=\"elementor-element elementor-element-9633bcf e-flex e-con-boxed e-con e-parent\" data-id=\"9633bcf\" data-element_type=\"container\" data-e-type=\"container\">\n\t\t\t\t\t<div class=\"e-con-inner\">\n\t\t\t\t<div class=\"elementor-element elementor-element-ffe7b2a elementor-widget elementor-widget-text-editor\" data-id=\"ffe7b2a\" data-element_type=\"widget\" data-e-type=\"widget\" data-widget_type=\"text-editor.default\">\n\t\t\t\t<div class=\"elementor-widget-container\">\n\t\t\t\t\t\t\t\t\t<p style=\"text-align: left;\"><strong>Spezifikationen:<\/strong><\/p>\t\t\t\t\t\t\t\t<\/div>\n\t\t\t\t<\/div>\n\t\t\t\t<div class=\"elementor-element elementor-element-0afc3ac elementor-widget elementor-widget-text-editor\" data-id=\"0afc3ac\" data-element_type=\"widget\" data-e-type=\"widget\" data-widget_type=\"text-editor.default\">\n\t\t\t\t<div class=\"elementor-widget-container\">\n\t\t\t\t\t\t\t\t\t<ul><li>Gr\u00f6\u00dfenoptionen: 43x25x7 cm | 43x35x7 cm | 43x40x7 cm<\/li><li>Material: Hochwertiger Kohlenstoffstahl mit silberner Pulverbeschichtung<\/li><li>Tragf\u00e4higkeit: Tr\u00e4gt schwere Gegenst\u00e4nde ohne Durchh\u00e4ngen<\/li><li>Schiebesystem: Getestet f\u00fcr 40.000 Zyklen f\u00fcr reibungslosen, leisen Betrieb<\/li><\/ul>\t\t\t\t\t\t\t\t<\/div>\n\t\t\t\t<\/div>\n\t\t\t\t\t<\/div>\n\t\t\t\t<\/div>\n\t\t<div class=\"elementor-element elementor-element-4fbe30a e-flex e-con-boxed e-con e-parent\" data-id=\"4fbe30a\" data-element_type=\"container\" data-e-type=\"container\">\n\t\t\t\t\t<div class=\"e-con-inner\">\n\t\t\t\t<div class=\"elementor-element elementor-element-9bff710 elementor-widget elementor-widget-text-editor\" data-id=\"9bff710\" data-element_type=\"widget\" data-e-type=\"widget\" data-widget_type=\"text-editor.default\">\n\t\t\t\t<div class=\"elementor-widget-container\">\n\t\t\t\t\t\t\t\t\t<p class=\"translation-block\">Packungsinhalt:<\/p>\t\t\t\t\t\t\t\t<\/div>\n\t\t\t\t<\/div>\n\t\t\t\t<div class=\"elementor-element elementor-element-18ce9b9 elementor-widget elementor-widget-text-editor\" data-id=\"18ce9b9\" data-element_type=\"widget\" data-e-type=\"widget\" data-widget_type=\"text-editor.default\">\n\t\t\t\t<div class=\"elementor-widget-container\">\n\t\t\t\t\t\t\t\t\t<p>1St\u00fcck - Ausziehbares Ablagefach<\/p>\t\t\t\t\t\t\t\t<\/div>\n\t\t\t\t<\/div>\n\t\t\t\t\t<\/div>\n\t\t\t\t<\/div>\n\t\t\t\t<\/div>","protected":false},"excerpt":{"rendered":"<p>Upgrade your space with the Pull-Out Storage Rack, the perfect combination of smart design and convenience. Loved by users everywhere, this versatile and easy-to-install storage solution makes organizing your space effortless while keeping everything accessible and neat. Key Features: \u2705 Easy Installation \u2013 No drilling or nailing required. Simply stick the rack onto the cabinet [&hellip;]<\/p>\n","protected":false},"featured_media":32705,"comment_status":"closed","ping_status":"closed","template":"","meta":[],"product_brand":[],"product_cat":[149],"product_tag":[],"class_list":{"0":"post-32695","1":"product","2":"type-product","3":"status-publish","4":"has-post-thumbnail","6":"product_cat-cat-kitchen","8":"first","9":"instock","10":"sale","11":"shipping-taxable","12":"purchasable","13":"product-type-variable","14":"add-to-wishlist-after_add_to_cart"},"_links":{"self":[{"href":"https:\/\/essentials.grandado.com\/de\/wp-json\/wp\/v2\/product\/32695","targetHints":{"allow":["GET"]}}],"collection":[{"href":"https:\/\/essentials.grandado.com\/de\/wp-json\/wp\/v2\/product"}],"about":[{"href":"https:\/\/essentials.grandado.com\/de\/wp-json\/wp\/v2\/types\/product"}],"replies":[{"embeddable":true,"href":"https:\/\/essentials.grandado.com\/de\/wp-json\/wp\/v2\/comments?post=32695"}],"version-history":[{"count":12,"href":"https:\/\/essentials.grandado.com\/de\/wp-json\/wp\/v2\/product\/32695\/revisions"}],"predecessor-version":[{"id":37150,"href":"https:\/\/essentials.grandado.com\/de\/wp-json\/wp\/v2\/product\/32695\/revisions\/37150"}],"wp:featuredmedia":[{"embeddable":true,"href":"https:\/\/essentials.grandado.com\/de\/wp-json\/wp\/v2\/media\/32705"}],"wp:attachment":[{"href":"https:\/\/essentials.grandado.com\/de\/wp-json\/wp\/v2\/media?parent=32695"}],"wp:term":[{"taxonomy":"product_brand","embeddable":true,"href":"https:\/\/essentials.grandado.com\/de\/wp-json\/wp\/v2\/product_brand?post=32695"},{"taxonomy":"product_cat","embeddable":true,"href":"https:\/\/essentials.grandado.com\/de\/wp-json\/wp\/v2\/product_cat?post=32695"},{"taxonomy":"product_tag","embeddable":true,"href":"https:\/\/essentials.grandado.com\/de\/wp-json\/wp\/v2\/product_tag?post=32695"}],"curies":[{"name":"WordPress","href":"https:\/\/api.w.org\/{rel}","templated":true}]}}

<div data-elementor-type="wp-post" data-elementor-id="32695" class="elementor elementor-32695" data-elementor-post-type="product">
				<div class="elementor-element elementor-element-e53736b e-flex e-con-boxed e-con e-parent" data-id="e53736b" data-element_type="container" data-e-type="container">
					<div class="e-con-inner">
				<div class="elementor-element elementor-element-c483012 elementor-widget elementor-widget-text-editor" data-id="c483012" data-element_type="widget" data-e-type="widget" data-widget_type="text-editor.default">
				<div class="elementor-widget-container">
									<p>Verbessern Sie Ihren Raum mit dem ausziehbaren Aufbewahrungsregal, der perfekten Kombination aus intelligentem Design und Komfort. Diese vielseitige und einfach zu installierende Aufbewahrungslösung wird von Nutzern auf der ganzen Welt geliebt. Sie macht die Organisation Ihres Raums mühelos und hält alles zugänglich und ordentlich.</p>								</div>
				</div>
					</div>
				</div>
		<div class="elementor-element elementor-element-e7a0e13 e-flex e-con-boxed e-con e-parent" data-id="e7a0e13" data-element_type="container" data-e-type="container">
					<div class="e-con-inner">
				<div class="elementor-element elementor-element-eed04f9 elementor-widget elementor-widget-text-editor" data-id="eed04f9" data-element_type="widget" data-e-type="widget" data-widget_type="text-editor.default">
				<div class="elementor-widget-container">
									<p style="text-align: left;"><strong>Wesentliche Merkmale:</strong></p>								</div>
				</div>
				<div class="elementor-element elementor-element-71c8d4f elementor-widget elementor-widget-text-editor" data-id="71c8d4f" data-element_type="widget" data-e-type="widget" data-widget_type="text-editor.default">
				<div class="elementor-widget-container">
									<p>✅ Einfache Installation - Kein Bohren oder Nageln erforderlich. Kleben Sie das Regal einfach auf den Schrank, um es schnell aufzubauen.<br />✅ Mühelose Zugänglichkeit - Durch Herausschieben können Sie auf Gegenstände zugreifen, ohne sich bücken oder andere entfernen zu müssen.<br />✅ Starke Tragfähigkeit - Hergestellt aus hochwertigem Kohlenstoffstahl für Langlebigkeit und Unterstützung.<br />✅ Sanftes und leises Gleiten - Die Dämpfungsschienentechnologie sorgt für einen leisen und sanften Betrieb.<br />✅ Vielseitig einsetzbar - Perfekt für Küche, Bad, Speisekammer und unter der Spüle zu organisieren.</p>								</div>
				</div>
					</div>
				</div>
		<div class="elementor-element elementor-element-9633bcf e-flex e-con-boxed e-con e-parent" data-id="9633bcf" data-element_type="container" data-e-type="container">
					<div class="e-con-inner">
				<div class="elementor-element elementor-element-ffe7b2a elementor-widget elementor-widget-text-editor" data-id="ffe7b2a" data-element_type="widget" data-e-type="widget" data-widget_type="text-editor.default">
				<div class="elementor-widget-container">
									<p style="text-align: left;"><strong>Spezifikationen:</strong></p>								</div>
				</div>
				<div class="elementor-element elementor-element-0afc3ac elementor-widget elementor-widget-text-editor" data-id="0afc3ac" data-element_type="widget" data-e-type="widget" data-widget_type="text-editor.default">
				<div class="elementor-widget-container">
									<ul><li>Größenoptionen: 43x25x7 cm | 43x35x7 cm | 43x40x7 cm</li><li>Material: Hochwertiger Kohlenstoffstahl mit silberner Pulverbeschichtung</li><li>Tragfähigkeit: Trägt schwere Gegenstände ohne Durchhängen</li><li>Schiebesystem: Getestet für 40.000 Zyklen für reibungslosen, leisen Betrieb</li></ul>								</div>
				</div>
					</div>
				</div>
		<div class="elementor-element elementor-element-4fbe30a e-flex e-con-boxed e-con e-parent" data-id="4fbe30a" data-element_type="container" data-e-type="container">
					<div class="e-con-inner">
				<div class="elementor-element elementor-element-9bff710 elementor-widget elementor-widget-text-editor" data-id="9bff710" data-element_type="widget" data-e-type="widget" data-widget_type="text-editor.default">
				<div class="elementor-widget-container">
									<p class="translation-block">Packungsinhalt:</p>								</div>
				</div>
				<div class="elementor-element elementor-element-18ce9b9 elementor-widget elementor-widget-text-editor" data-id="18ce9b9" data-element_type="widget" data-e-type="widget" data-widget_type="text-editor.default">
				<div class="elementor-widget-container">
									<p>1Stück - Ausziehbares Ablagefach</p>								</div>
				</div>
					</div>
				</div>
				</div>
