{"id":28281,"date":"2024-09-08T20:18:21","date_gmt":"2024-09-08T20:18:21","guid":{"rendered":"https:\/\/essentials.grandado.com\/?post_type=product&#038;p=28281"},"modified":"2025-03-27T11:20:01","modified_gmt":"2025-03-27T11:20:01","slug":"mini-umbrella","status":"publish","type":"product","link":"https:\/\/essentials.grandado.com\/de\/produkt\/mini-umbrella\/","title":{"rendered":"Mini-Regenschirm"},"content":{"rendered":"<div data-elementor-type=\"wp-post\" data-elementor-id=\"28281\" class=\"elementor elementor-28281\" data-elementor-post-type=\"product\">\n\t\t\t\t<div class=\"elementor-element elementor-element-e53736b e-flex e-con-boxed e-con e-parent\" data-id=\"e53736b\" data-element_type=\"container\" data-e-type=\"container\">\n\t\t\t\t\t<div class=\"e-con-inner\">\n\t\t\t\t<div class=\"elementor-element elementor-element-c483012 elementor-widget elementor-widget-text-editor\" data-id=\"c483012\" data-element_type=\"widget\" data-e-type=\"widget\" data-widget_type=\"text-editor.default\">\n\t\t\t\t<div class=\"elementor-widget-container\">\n\t\t\t\t\t\t\t\t\t<ul><li>Wir stellen den Mini Pocket Umbrella vor - ein elegantes, kompaktes und leichtes Accessoire, das sich perfekt f\u00fcr den t\u00e4glichen Weg zur Arbeit oder f\u00fcr Aktivit\u00e4ten im Freien eignet.<\/li><li>Das flache, 6-fach gefaltete Design passt problemlos in jede Tasche, w\u00e4hrend die wasserdichten und sonnenbest\u00e4ndigen Materialien vor Regen und sch\u00e4dlichen UV-Strahlen sch\u00fctzen.<\/li><li>Der schicke schwarze Sonnenschirm verleiht jedem Outfit Eleganz und ist praktisch und modisch zugleich.<\/li><li>Bleiben Sie stilvoll und gesch\u00fctzt, egal ob es regnet oder scheint, mit dem Mini-Taschenschirm - ein Muss f\u00fcr jeden modebewussten Menschen!<\/li><\/ul>\t\t\t\t\t\t\t\t<\/div>\n\t\t\t\t<\/div>\n\t\t\t\t\t<\/div>\n\t\t\t\t<\/div>\n\t\t<div class=\"elementor-element elementor-element-e2072af e-flex e-con-boxed e-con e-parent\" data-id=\"e2072af\" data-element_type=\"container\" data-e-type=\"container\">\n\t\t\t\t\t<div class=\"e-con-inner\">\n\t\t\t\t<div class=\"elementor-element elementor-element-f3277b6 elementor-widget elementor-widget-text-editor\" data-id=\"f3277b6\" data-element_type=\"widget\" data-e-type=\"widget\" data-widget_type=\"text-editor.default\">\n\t\t\t\t<div class=\"elementor-widget-container\">\n\t\t\t\t\t\t\t\t\t<p class=\"translation-block\">Packungsinhalt:<\/p>\t\t\t\t\t\t\t\t<\/div>\n\t\t\t\t<\/div>\n\t\t\t\t<div class=\"elementor-element elementor-element-9c06971 elementor-widget elementor-widget-text-editor\" data-id=\"9c06971\" data-element_type=\"widget\" data-e-type=\"widget\" data-widget_type=\"text-editor.default\">\n\t\t\t\t<div class=\"elementor-widget-container\">\n\t\t\t\t\t\t\t\t\t<p>1St\u00fcck - Regenschirm<br \/>1St\u00fcck - Koffer<\/p>\t\t\t\t\t\t\t\t<\/div>\n\t\t\t\t<\/div>\n\t\t\t\t\t<\/div>\n\t\t\t\t<\/div>\n\t\t\t\t<\/div>","protected":false},"excerpt":{"rendered":"<p>Introducing the Mini Pocket Umbrella \u2013 a stylish, compact, and lightweight accessory perfect for daily commutes or outdoor activities. Its flat 6-fold design fits easily in your bag, while the waterproof and sun-resistant materials protect against rain and harmful UV rays. The chic black parasol adds elegance to any outfit, making it both practical and [&hellip;]<\/p>\n","protected":false},"featured_media":28282,"comment_status":"open","ping_status":"closed","template":"","meta":[],"product_brand":[],"product_cat":[151],"product_tag":[71,73,125],"class_list":{"0":"post-28281","1":"product","2":"type-product","3":"status-publish","4":"has-post-thumbnail","6":"product_cat-cat-home","7":"product_tag-dress","8":"product_tag-fashion","9":"product_tag-women","11":"first","12":"instock","13":"sale","14":"shipping-taxable","15":"purchasable","16":"product-type-simple","17":"add-to-wishlist-after_add_to_cart"},"_links":{"self":[{"href":"https:\/\/essentials.grandado.com\/de\/wp-json\/wp\/v2\/product\/28281","targetHints":{"allow":["GET"]}}],"collection":[{"href":"https:\/\/essentials.grandado.com\/de\/wp-json\/wp\/v2\/product"}],"about":[{"href":"https:\/\/essentials.grandado.com\/de\/wp-json\/wp\/v2\/types\/product"}],"replies":[{"embeddable":true,"href":"https:\/\/essentials.grandado.com\/de\/wp-json\/wp\/v2\/comments?post=28281"}],"version-history":[{"count":15,"href":"https:\/\/essentials.grandado.com\/de\/wp-json\/wp\/v2\/product\/28281\/revisions"}],"predecessor-version":[{"id":34329,"href":"https:\/\/essentials.grandado.com\/de\/wp-json\/wp\/v2\/product\/28281\/revisions\/34329"}],"wp:featuredmedia":[{"embeddable":true,"href":"https:\/\/essentials.grandado.com\/de\/wp-json\/wp\/v2\/media\/28282"}],"wp:attachment":[{"href":"https:\/\/essentials.grandado.com\/de\/wp-json\/wp\/v2\/media?parent=28281"}],"wp:term":[{"taxonomy":"product_brand","embeddable":true,"href":"https:\/\/essentials.grandado.com\/de\/wp-json\/wp\/v2\/product_brand?post=28281"},{"taxonomy":"product_cat","embeddable":true,"href":"https:\/\/essentials.grandado.com\/de\/wp-json\/wp\/v2\/product_cat?post=28281"},{"taxonomy":"product_tag","embeddable":true,"href":"https:\/\/essentials.grandado.com\/de\/wp-json\/wp\/v2\/product_tag?post=28281"}],"curies":[{"name":"WordPress","href":"https:\/\/api.w.org\/{rel}","templated":true}]}}

<div data-elementor-type="wp-post" data-elementor-id="28281" class="elementor elementor-28281" data-elementor-post-type="product">
				<div class="elementor-element elementor-element-e53736b e-flex e-con-boxed e-con e-parent" data-id="e53736b" data-element_type="container" data-e-type="container">
					<div class="e-con-inner">
				<div class="elementor-element elementor-element-c483012 elementor-widget elementor-widget-text-editor" data-id="c483012" data-element_type="widget" data-e-type="widget" data-widget_type="text-editor.default">
				<div class="elementor-widget-container">
									<ul><li>Wir stellen den Mini Pocket Umbrella vor - ein elegantes, kompaktes und leichtes Accessoire, das sich perfekt für den täglichen Weg zur Arbeit oder für Aktivitäten im Freien eignet.</li><li>Das flache, 6-fach gefaltete Design passt problemlos in jede Tasche, während die wasserdichten und sonnenbeständigen Materialien vor Regen und schädlichen UV-Strahlen schützen.</li><li>Der schicke schwarze Sonnenschirm verleiht jedem Outfit Eleganz und ist praktisch und modisch zugleich.</li><li>Bleiben Sie stilvoll und geschützt, egal ob es regnet oder scheint, mit dem Mini-Taschenschirm - ein Muss für jeden modebewussten Menschen!</li></ul>								</div>
				</div>
					</div>
				</div>
		<div class="elementor-element elementor-element-e2072af e-flex e-con-boxed e-con e-parent" data-id="e2072af" data-element_type="container" data-e-type="container">
					<div class="e-con-inner">
				<div class="elementor-element elementor-element-f3277b6 elementor-widget elementor-widget-text-editor" data-id="f3277b6" data-element_type="widget" data-e-type="widget" data-widget_type="text-editor.default">
				<div class="elementor-widget-container">
									<p class="translation-block">Packungsinhalt:</p>								</div>
				</div>
				<div class="elementor-element elementor-element-9c06971 elementor-widget elementor-widget-text-editor" data-id="9c06971" data-element_type="widget" data-e-type="widget" data-widget_type="text-editor.default">
				<div class="elementor-widget-container">
									<p>1Stück - Regenschirm<br />1Stück - Koffer</p>								</div>
				</div>
					</div>
				</div>
				</div>
